 7 - 3. Suppose -2*h - 10 = y*r, 4*r + 14 = 5*h - 3*h. What is the units digit of h?
1
Let v be (-4)/(-2)*16/(-4). Let k be (v/(-6))/((-10)/15). Let r(g) = -3*g**3 - 3*g**2 + 2. What is the tens digit of r(k)?
1
Suppose -5*p - 50 = 5. Suppose 7*k - 3*x = 2*k - 11, 2*k + x = -11. Let j = k - p. What is the units digit of j?
7
Let p(b) = -25*b + 14. What is the units digit of p(-5)?
9
Let u be 428/18 + (-2)/(-9). Suppose 3*v + u = 6*v. What is the units digit of v?
8
Let w be 33/9 - (-1)/3. Suppose 2*z = w*z. Suppose 4*n = 2*c - 52, c - 4*n - 36 = -z*c. What is the tens digit of c?
1
Suppose -f + 2*f - 4 = 0. Suppose 7 = f*k - 4*j - 1, 5*k + 5*j = 0. What is the units digit of k?
1
Suppose 3*d = 3*s, 4*d - 4 = 3*s - 0. Suppose s*i - 90 = 6. What is the units digit of i?
4
Suppose a + 2*a - 66 = 0. Let t = a - 16. What is the units digit of t?
6
Let c be (-2 - -1) + (-38)/2. Suppose 34*l - 33*l + 14 = 0. What is the units digit of (c/(-35))/((-4)/l)?
2
Let h(n) = 5*n - 1. Let j be h(1). Suppose -x - j + 9 = 0. What is the units digit of x - (-1 - 1 - -3)?
4
Suppose 0 = -3*s + 4*s - 58. Suppose -13 + s = 5*f. What is the units digit of f?
9
Suppose 4*f = f + 9. What is the units digit of f?
3
What is the hundreds digit of 1/1*6 + -3 + 203?
2
Suppose 0*x - 4*x = 28. Let m(a) = a**2 + 6*a - 2. What is the units digit of m(x)?
5
Let k be (-160)/(-6)*(-3 - -6). Let s = -55 + k. What is the tens digit of s?
2
Suppose 5*v - 522 = -32. What is the tens digit of v?
9
Let g(i) be the third derivative of i**4/24 + 5*i**3/3 + 2*i**2. Let d be g(-10). Let x = d - -1. What is the units digit of x?
1
Suppose -5*w + 33 + 57 = 0. Let k = w - 10. What is the units digit of k?
8
Let v = 9 - 6. Suppose 3*w = -v*o + 2*w + 1, -4 = 2*w. What is the units digit of o?
1
Let q(w) = 1 - 4*w - 4 - 4 + 3. What is the units digit of q(-2)?
4
Suppose -12 = -8*m + 4*m. Suppose 2*b + 2*h = m*h + 45, -4*b + 115 = 3*h. What is the units digit of b?
5
Let y be 6/((3/2)/1). Let s be 6/(-8)*(-128)/48. Suppose -2*b + 2*d = -10, -b + s*d = y*b - 28. What is the units digit of b?
6
Let w(h) = 2*h**2 - h - 1. Let o be w(-1). Let r = -2 + o. Suppose r = 3*l - 2*l - 3*j + 11, -2*l = -4*j + 14. What is the units digit of l?
1
Suppose t + 3*u = 14, 0*t - 2*t = -4*u + 12. What is the units digit of t?
2
Let t(g) = -g**3 - 3*g**2 + 4*g + 4. Let s be t(-4). Suppose 3*b = 19 - s. Suppose -3 = -b*p + 17. What is the units digit of p?
4
Suppose -w + 40 = 4*w + 5*a, 0 = 4*a - 12. Let r(h) = -h + 1. Let v be r(1). Suppose -w*q = -z - 43, -3*z - 21 = -v*q - 3*q. What is the units digit of q?
9
Suppose -120 = -5*r - 0*r. Suppose -3*h = -2*h - r. Suppose -2*t - 2*t = -h. What is the units digit of t?
6
Let n(z) = 7*z**3 + 6*z + 13. Let y(t) = 6*t**3 + 5*t + 12. Let s(j) = -5*n(j) + 6*y(j). Let u = -2 - -2. What is the units digit of s(u)?
7
Let t(y) = -y**3 + 20*y**2 + 20*y + 39. What is the tens digit of t(21)?
1
Let c(z) = z - 2. Let d be c(4). Suppose d*t = 3*t - 29. What is the tens digit of t?
2
Let a be (30/9)/((-2)/(-3)). Suppose -a*p - 100 = -10*p. What is the tens digit of p?
2
Let i(l) = 0*l + 5 - 2 - 4 + l. What is the units digit of i(3)?
2
Let r(t) = 3*t + 17. What is the tens digit of r(10)?
4
Suppose k - 2*w = -8, -1 = -k + 4*w - 19. Suppose 0 = -h + k*z + 5 - 1, 3*h = -z - 23. Let m = 8 - h. What is the tens digit of m?
1
Let l(n) = 3*n. Let q be l(1). Suppose 0*k - 2*k = -38. Suppose -1 = g - 3, q*o - g = k. What is the units digit of o?
7
Let c = -382 + 620. What is the tens digit of c?
3
Let b(v) = 2*v**2 + 12*v + 47. What is the tens digit of b(-6)?
4
Let g be 21/9 - 2/6. Let q(u) = -g*u - u + 0*u. What is the tens digit of q(-6)?
1
Let j = 7 + -2. Let w be (j/(-2))/((-3)/6). Suppose -3*n + 1 - 2 = -4*b, 5*b = w. What is the units digit of n?
1
Let r = -5 - -50. Suppose 0 = -9*v + 4*v + r. Suppose p - v = 8. What is the units digit of p?
7
Let l(f) be the third derivative of -f**4/6 + 2*f**3 - f**2. Let v be l(-9). Suppose 0 = -5*c + c + v. What is the units digit of c?
2
Suppose -2*f + 6 = -5*n - 7, 5*f = -2*n + 47. Suppose 5*c = 2*b - 28, -4*b - 6*c = -4*c - 8. Suppose 3 + f = b*i. What is the units digit of i?
3
What is the units digit of 2/36*3 - (-34)/12?
3
Let a = 2 + -2. Suppose -5*l + l + 24 = a. Let t = l + -5. What is the units digit of t?
1
Suppose 0 = -2*y - 0*y + 8. Suppose -y = g + 4. Let m(t) = t**3 + 8*t**2 + t + 9. What is the units digit of m(g)?
1
Let g be 8/(-6)*6/(-4). Let m = 33 + -22. Suppose -5*a - m = -2*w, -3*w + g*w = -4*a - 4. What is the units digit of w?
8
Suppose -2*a + 5 + 1 = 0. Suppose p + 2 = -0*p - a*h, -3*p = -3*h - 42. What is the units digit of p?
0
Suppose 4*q + 64 = b, 85 = -5*b - q + 384. What is the tens digit of b?
6
Let q(m) = 6*m - 25. What is the tens digit of q(11)?
4
Let o = 74 - 28. What is the units digit of o?
6
Let x be 8/2*2/(-4). Let h be x - (-2 + -28)/(-3). What is the units digit of ((-2)/(-6))/((-2)/h)?
2
Let h(d) = d**3 + 15*d**2 + 23*d + 13. What is the units digit of h(-12)?
9
Let i(f) = -2*f**3 - 8*f + 10. Let v(p) = -3*p**3 + p**2 - 15*p + 19. Let r(d) = 5*i(d) - 3*v(d). What is the tens digit of r(-5)?
1
Suppose k - 2 + 1 = 0. Suppose -12*m = -m + 11. What is the units digit of (k - -3)/(3 + m)?
2
Let a be (-8)/(-16)*(0 - -348). Suppose 8*o = -4*d + 3*o + a, -50 = -d + 2*o. What is the units digit of d?
6
Let j = 17 + -14. Suppose j*s = 2 + 16. What is the units digit of s?
6
Let r be -49 + (-4)/2 + 2. Let t = 74 + r. What is the units digit of t?
5
Suppose -4*g + 28 = 5*x, x - 12 = -4*g - 0*x. Suppose -5*y = -z - 105, g*z = 2*y - 0*y - 42. What is the tens digit of y?
2
Let d(z) = 3*z**2 + 3 + 3*z**3 + 3*z**3 + 3*z - 5*z**3. Let r = -2 + 0. What is the units digit of d(r)?
1
Let u be 21/14*(-32)/(-6). Let v be 2/u + 15/20. What is the units digit of 0 - (-1 + (-6 - v))?
8
Let w = -5 - -8. Suppose -w*m - 4 + 28 = 0. What is the units digit of m?
8
Suppose 6*f - 741 = 483. What is the units digit of f?
4
What is the hundreds digit of 3436/16 - 1 - (-2)/8?
2
Suppose 5*v - 2*v - 372 = 0. Let f = v + -87. What is the units digit of f?
7
Let g(m) = -m**3 + m + 7. Let y = 8 - 3. Suppose -t + 4*k + 0 = 4, y = -4*t + 5*k. What is the units digit of g(t)?
7
Suppose 0*d + 4*d + 4*p - 76 = 0, -15 = -d - 3*p. Suppose 0 = 5*w - y - d, -3*y + 5 = -2*w + 16. What is the units digit of ((-6)/w)/((-1)/6)?
9
Let s = 13 - 13. Suppose s = -4*z + 20, 2*z = -5*a + 8 + 77. What is the tens digit of a?
1
Suppose 3*r + 1 + 0 = j, 3*r = -j + 7. Suppose -4*d - 3*p + 99 = 0, -j*p + 12 = -8. What is the units digit of d?
1
Let f(p) = 3*p**2 + 3*p - 1. Let n be f(-7). Suppose 3*r - n = 7. What is the units digit of r?
4
Let v(t) be the third derivative of -5/6*t**3 - 1/120*t**6 + 1/3*t**4 + 1/15*t**5 + 0 + 0*t + 2*t**2. What is the tens digit of v(5)?
1
Let h(g) = g**2 + 8*g - 22. What is the units digit of h(7)?
3
What is the units digit of 54*((-15)/9)/(-5)?
8
Let c(j) = -65*j - 1. Let m be c(-1). Suppose -m = -2*q - 0*q. What is the tens digit of q?
3
Suppose -2*l + 25 = 5*s - 0*s, -3*s = 3*l - 15. Let d be (s/(-2))/((-2)/20). Suppose 2*k = -3*k + d. What is the units digit of k?
5
Let m(f) = 81*f - 1. Let b be m(1). Suppose -2*k - 2*k - 20 = 0, 4*x = 4*k + b. What is the tens digit of x?
1
Let n(q) be the first derivative of q**3/3 - 3*q**2/2 - 7*q - 3. Let o be n(6). What is the units digit of (-6)/33 - (-35)/o?
3
Suppose -2*u = -61 - 23. Suppose -u = -2*v - v. What is the units digit of v?
4
Suppose 0*o + 190 = 2*o - 2*c, -2*o + c + 185 = 0. What is the units digit of o?
0
Suppose 5*u - u - 4*k = 128, -4*u - 4*k + 168 = 0. Let d = u + -16. What is the units digit of d?
1
Let q = -44 + 62. What is the tens digit of q?
1
Suppose 4*g - 15 = 3*g. Suppose 7*k - g = 2*k. Suppose -k*n + 36 = -3. What is the tens digit of n?
1
Suppose -2*o + 17 = 3*x, -3*o + 31 = o + 5*x. Suppose o*s = 2*l + 22, -3*s + 0*l + 3*l = -24. Suppose 0 = -s*q + 10 - 4. What is the units digit of q?
2
Suppose 2*q - 82 = 32. What is the tens digit of q?
5
Suppose -5 - 20 = -5*w. Suppose -w*a + 16 = 3*o, -5*o + 3*a = 4*a - 12. Let h = 2 + o. What is the units digit of h?
4
Let l(z) = 173*z**3 - z**2 + 1. What is the hundreds digit of l(1)?
1
Suppose 4*q = -b + 15, 0 = b -